
8
Let n(l) = -l**3 + 6*l**2 + 3*l + 8. Let w be n(7). Let c = w + 24. Suppose c*v = 3*r - 35, 0*r - 2*v = r - 5. Calculate the greatest common factor of 6 and r.
3
Let d be 6/8*((-385)/(-33) + -5). Calculate the greatest common divisor of d and 335.
5
Let v(c) = 2*c - 13. Suppose -6 = 2*l - 24. Let g be v(l). Suppose 4*m - g*w - 56 = 0, m - 19 = w - 6. What is the greatest common divisor of m and 9?
9
Suppose 2*d = 0, -2*y + 5*d + 757 = -207. Let u = -734 + y. Let s be (-5)/4*1*u. Calculate the greatest common factor of 35 and s.
35
Let p be (-1)/(1/(-1)) + -2. Let z = 19 - p. Suppose 13 = -w + z. Calculate the greatest common divisor of 77 and w.
7
Let d = 4 + -1. Let l be (-190)/(-9) - (-2)/(-18). Calculate the greatest common factor of l and d.
3
Let i = 1120 + -1099. What is the highest common factor of 1722 and i?
21
Let m be (24/60)/(1/600). What is the highest common divisor of m and 104?
8
Let z(x) = -x + 19. Let t be z(9). Let l be ((-52)/10)/((-4)/t). Calculate the greatest common divisor of 91 and l.
13
Let q(y) = -11*y**3 - 3*y**2 + 4. Let v be q(-1). Suppose 2*u = -2*c - 2*u + 32, -4*c + 4*u + 40 = 0. Calculate the highest common divisor of v and c.
12
Let r = -49 - -72. Let m be (-38)/(-247) + 2806/13. Let j = -55 + m. Calculate the greatest common factor of j and r.
23
Let f be 1*(3 - (-5 - -3)). Let m be f*(2 + (-14)/10). Suppose m*c - 108 = 180. Calculate the greatest common factor of 12 and c.
12
Suppose 18*f - 2160 = 8*f. Calculate the highest common divisor of 24 and f.
24
Let k(f) = 20*f**2 + f + 1. Let b be k(2). Let n(s) = -s**2 - 7*s + 16. Let p be n(-9). Let r = p + b. What is the greatest common factor of 9 and r?
9
Let a be (60/8)/(-5)*14. Let p = a - -37. Calculate the greatest common factor of 176 and p.
16
Let a be ((-2)/4)/((-5)/10) + 76. Let b(p) = 4*p**2 + 2*p - 1. Let o be b(-2). Calculate the greatest common divisor of a and o.
11
Suppose -3*b + 40 = -3*r + 193, 0 = 3*r + 2*b - 128. Let o = r + -9. Calculate the greatest common factor of o and 296.
37
Suppose 4*a = 59 + 21. What is the greatest common divisor of 40 and a?
20
Let w = 10 - 11. Let r be 1*w*(-5 + -8). Suppose -h + 130 = -3*k, 130 = -2*h + 3*h - k. What is the greatest common divisor of r and h?
13
Let s be (-56)/84*-169*3. What is the greatest common factor of s and 52?
26
Let j(v) = -2*v**2 - 4*v + 4. Let z be j(-6). Let n = z - -51. Let h = -39 + 67. What is the highest common divisor of n and h?
7
Let w be (-1)/(7 + 1620/(-231)). What is the highest common divisor of w and 21?
7
Suppose -2*f + 45 = f. Let m = 4787 - 4682. Calculate the greatest common divisor of m and f.
15
Let v = 1918 - 1189. What is the highest common divisor of v and 9?
9
Suppose 0*m + 13*m - 9308 = 0. Let a be m/12 + 5/15. Calculate the highest common factor of a and 15.
15
Suppose 1381 = 2*k + 2*k - 3*d, -5*k - d + 1712 = 0. Let g = k - 187. Calculate the greatest common factor of g and 12.
12
Suppose 4*y - 11 = 5. Let x = -108 - -112. What is the highest common divisor of y and x?
4
Let z be ((-3 + 2)/(-2))/((-5)/(-8050)). What is the highest common divisor of z and 35?
35
Let x = -702 - -723. What is the highest common divisor of 1239 and x?
21
Suppose 4*u = 18 + 22. Let c be (u/(-4))/(15/120). Let l be (-2)/1 + -1 - c. What is the highest common factor of 136 and l?
17
Let t(x) = 17*x**3 + x**2 + x - 2. Let f be t(1). What is the greatest common divisor of 391 and f?
17
Let c(d) = -d**3 + 42*d**2 + 47*d - 150. Let r be c(43). Let z be 2 - 1 - 2 - -56. Calculate the greatest common divisor of r and z.
11
Suppose 10*g - 80 = -0. Let v = g - -16. Calculate the greatest common divisor of v and 60.
12
Suppose 0 = 7*r + 3*r - 180. Suppose 5*h + 3*s - 6*s = 708, 412 = 3*h - 5*s. What is the greatest common factor of r and h?
18
Let d be 36*(25/20 - -4). What is the greatest common factor of d and 84?
21
Let r be ((-55)/22)/((-1)/(-2)). Let s be (-76)/r + -1 - 4/20. What is the greatest common factor of 7 and s?
7
Suppose -4*i = 3*i - 490. Suppose 0 = 5*t + 3*s - 71, -2*s = -2*t - 2*t + i. What is the highest common factor of 8 and t?
8
Suppose -q + 1 = -2*q + 2*n, 2*n = 8. Suppose -702 = -4*w + 2*f, 5*f + 530 = 3*w + q*f. Calculate the greatest common divisor of 16 and w.
16
Let d = 327 + -174. Calculate the highest common divisor of d and 9.
9
Suppose -12*d - 38 = -122. Calculate the greatest common factor of 203 and d.
7
Suppose -q = -3*w - 19, -5 + 3 = -2*q - 3*w. Suppose q*b - 21 = 4*b. Calculate the greatest common factor of 7 and b.
7
Let p be (38/4)/(3/(-12)). Let h = 72 + p. Let g = 56 - h. Calculate the highest common factor of g and 33.
11
Let z = 23 - 29. Let j(r) = -17*r - 54. Let b be j(z). Calculate the highest common factor of b and 80.
16
Let l(h) = -h**3 - 14*h**2 + 14*h - 9. Let p be l(-15). Let i be (-2)/p - 152/(-24). Let n = i - -50. What is the greatest common divisor of 28 and n?
28
Let k = 439 + -214. Let u be -42*6/(-36) - -2. What is the greatest common factor of u and k?
9
Suppose -n = 4*p - 6, -2*n + 2*p + 3*p = -25. Suppose t = -t + n. Suppose -2*d + d = t, 2*v - 3*d = 69. What is the greatest common divisor of 18 and v?
9
Let y be -10 + 7 + -1 + 6. Suppose -74 + y = -3*d. What is the greatest common factor of 216 and d?
24
Let m(j) = 3*j - 7. Let p be m(3). Suppose 0 = -w - p*w + 27. Let u be -3*(1 + -1 + -3). What is the greatest common factor of w and u?
9
Suppose -2*c + 90 = -2*k, 0*k + 2*k = -c + 57. Let i = c - 46. Let l be (-1 + 2)/(2/18). What is the greatest common divisor of l and i?
3
Let f = 1410 + -574. Calculate the highest common divisor of f and 66.
22
Suppose 0 = -4*o - 4, 1439 = -3*h - 4*o - o. Let f = h + 748. What is the greatest common factor of 30 and f?
30
Suppose 330 = 4*f + f. Suppose 4*u + 10 = g - 3*g, -2*g - 13 = 5*u. Let y be (3 + g)/8*12. What is the highest common divisor of f and y?
6
Let i(x) = -2*x + 5. Let f be i(-4). Let h = f + -3. Suppose -4*o - 2*c - h + 48 = 0, -4*o + 4*c + 20 = 0. What is the highest common divisor of o and 12?
4
Suppose -34*a + 23*a = -1232. What is the highest common factor of 7 and a?
7
Let t(r) = r**2 + 2*r + 4. Let w be t(-2). Suppose -w*u - 2 = 2, -h + 2*u + 66 = 0. Calculate the greatest common divisor of h and 96.
32
Let a = -347 - -387. Calculate the greatest common factor of a and 110.
10
Suppose -152 = -4*l - 2*t, -5*t = -2*t + 12. Suppose -4*s + m = -0*s - 52, 0 = 2*s - 4*m - l. What is the greatest common factor of s and 36?
12
Let j = 10 - 5. Suppose -3*y + j*c + 72 = 2*c, 4*y - 86 = -c. Suppose -m + 4*t + y = -0*m, -4*m = 5*t - 67. What is the highest common factor of 27 and m?
9
Let r(p) = p**2 + 7*p - 9. Let g be r(-8). Suppose 12 = -z + 3*z. Let v = z + g. Calculate the greatest common divisor of 5 and v.
5
Suppose -39 = -9*z + 42. What is the highest common factor of z and 387?
9
Suppose 13 = -5*p + 48. Let v be -2 - (-3 + p + 101). Let d = v - -172. Calculate the highest common divisor of d and 13.
13
Let m = -431 + 461. Calculate the highest common factor of 810 and m.
30
Let a = 84 + 137. Let z = 396 - a. What is the greatest common divisor of z and 35?
35
Let u = -23 - -38. Let k = 1 + u. Suppose -2*x - 3*c + 20 = c, -3*x + 27 = 5*c. What is the greatest common factor of k and x?
4
Let b be (1/(-3))/((-4)/(-36)). Let p be (2/3)/(b/(-72)). Suppose -s = -k - 58 - 103, k + 1 = 0. Calculate the greatest common factor of s and p.
16
Suppose 3*w + a = 2*a + 190, -3*a - 3 = 0. Suppose -4*p = -2*c + 108, 109 = -5*p - c - 3*c. Let o = 34 + p. Calculate the highest common divisor of o and w.
9
Let z = -19 - -24. Suppose -z*w + 240 = -5. Let h(v) = v**3 + 7*v**2 - 2*v - 7. Let t be h(-7). What is the highest common factor of w and t?
7
Let x = -1963 - -2502. What is the highest common factor of 308 and x?
77
Let k(c) = 16*c**2 + 27*c - 1. Let f be k(-5). Calculate the highest common factor of f and 48.
24
Suppose 2*q + 18 = 5*j, -7*q + 4*q = 2*j - 11. Let c be 2/3 - 52/6. Let a be c/(-16) - (-58)/j. What is the highest common factor of a and 75?
15
Suppose -2*j = -3*j + 3. Suppose j*k = -0*p - 4*p + 10, 6 = -p - 5*k. Suppose -34 = -4*g + 46. Calculate the highest common divisor of g and p.
4
Let w be ((-138)/4)/(-1*36/816). Calculate the highest common factor of 34 and w